 + 28627?
28581
In base 3, what is 1110102111 + 110002?
1110212120
In base 4, what is 30 + -102311311112?
-102311311022
In base 8, what is -41111 - -600?
-40311
In base 12, what is 581577 + a8?
581663
In base 8, what is -10 + 327552?
327542
In base 14, what is 436 - 5458?
-5022
In base 15, what is -35 - -19100?
190ba
In base 5, what is -1230101040322 - -3?
-1230101040314
In base 12, what is 0 - -74193557?
74193557
In base 8, what is 24514 - -105514?
132230
In base 13, what is -380 + 2663?
22b3
In base 14, what is a5089 - -1b?
a50a6
In base 8, what is -3 + -7053600?
-7053603
In base 3, what is -1100 + -2100102012?
-2100110112
In base 4, what is -1123133110 - -221303?
-1122311201
In base 3, what is 202111222 + 1021021?
210210020
In base 13, what is -7ac3 + -7a0?
-8593
In base 2, what is 101001 + -1000101110101000110?
-1000101110100011101
In base 12, what is -11 + 1218378?
1218367
In base 10, what is 276027938 + 3?
276027941
In base 13, what is 9bc6898 - -5?
9bc68a0
In base 8, what is -61202 - 6611?
-70013
In base 7, what is -25334 + 2050?
-23254
In base 10, what is 129845286 - 5?
129845281
In base 8, what is -4 + -24231357?
-24231363
In base 9, what is 527774 + -17?
527756
In base 9, what is 4 + -14164287?
-14164283
In base 15, what is 33 + 64ee5?
65028
In base 9, what is -656414 - -1?
-656413
In base 13, what is -12ba - -38a9?
25bc
In base 11, what is -15 + -14254167?
-14254181
In base 15, what is 794b2 + 1dc?
7969e
In base 11, what is -5070 - -120?
-4a50
In base 16, what is -d398 + -1e?
-d3b6
In base 3, what is 220011 - 12022022?
-11102011
In base 6, what is -42243 + 10041?
-32202
In base 11, what is 43427aa0 - 1?
43427a9a
In base 5, what is 41221444 - 1?
41221443
In base 6, what is -3113511 - 1420?
-3115331
In base 15, what is -6e1a786 - 5?
-6e1a78b
In base 14, what is 82 + 85744?
857c6
In base 15, what is 0 + -24c514?
-24c514
In base 13, what is 3 + -13b9c4?
-13b9c1
In base 7, what is 243356014 - 3?
243356011
In base 15, what is -127 + 134149?
134022
In base 5, what is -31 - 414120220?
-414120301
In base 3, what is 112000211121 - -110?
112000212001
In base 14, what is 1c3 - -2055?
2238
In base 10, what is 492 + 266579?
267071
In base 7, what is -34310 + -61140?
-125450
In base 12, what is -2 + 6955bb9?
6955bb7
In base 13, what is -165 - -722c6?
72161
In base 2, what is 1110000110000 + 10110110?
1110011100110
In base 7, what is -14430336 - 1203?
-14431542
In base 9, what is 1455865 - -28?
1456004
In base 7, what is -165235 + 2050?
-163155
In base 6, what is 41 - -50402251?
50402332
In base 12, what is 4763a - -187?
47805
In base 12, what is b - 4440b0b?
-4440b00
In base 4, what is 1123202233322 + 3?
1123202233331
In base 4, what is 202 + 1123013332?
1123020200
In base 9, what is 1204 - -608548?
610753
In base 14, what is 0 + -2182b808?
-2182b808
In base 15, what is 9a22 - 47?
99ca
In base 9, what is -130370361 - -7?
-130370353
In base 3, what is -2011222021101 + 110?
-2011222020221
In base 10, what is 10971976 + 1?
10971977
In base 5, what is -4 + -3331214210?
-3331214214
In base 8, what is 1061 - 12466640?
-12465557
In base 12, what is 821865 - 54?
821811
In base 5, what is 343013 - -34412?
432430
In base 5, what is -111234 + -233?
-112022
In base 10, what is 0 - 79827200?
-79827200
In base 11, what is -3 + 32150277?
32150274
In base 8, what is -1 + -6617724?
-6617725
In base 9, what is -6700 - 3232?
-11032
In base 6, what is 13235431233 + -2?
13235431231
In base 13, what is 286 - 5bc1?
-5938
In base 13, what is -16027 + -2177?
-181a1
In base 9, what is 4 - -5148001?
5148005
In base 15, what is 15aa4 + -26?
15a7d
In base 3, what is 11021111001221 + -1?
11021111001220
In base 16, what is -723 - 2fe4?
-3707
In base 3, what is 0 - 1020121022111220?
-1020121022111220
In base 14, what is -4 - -5aab31b?
5aab317
In base 15, what is 1dd - -11da?
13c8
In base 15, what is -18 + -11e914?
-11e92c
In base 13, what is 29ab392 - -5?
29ab397
In base 9, what is -144333 + -2665?
-147108
In base 3, what is -1012002122200200 + 0?
-1012002122200200
In base 7, what is 62030404 + -4?
62030400
In base 13, what is 5 + -3c7c6787?
-3c7c6782
In base 8, what is 673510 + 27?
673537
In base 10, what is -1613970 + 203?
-1613767
In base 8, what is -116 - -277431?
277313
In base 16, what is 1 - -67d15?
67d16
In base 2, what is -1011 + 101111110110101001010?
101111110110100111111
In base 15, what is -1a0c7e21 - -6?
-1a0c7e1a
In base 16, what is -489d0a - 1c?
-489d26
In base 3, what is 22111120010222 + -11?
22111120010211
In base 14, what is -77c - -6bb40?
6b3a2
In base 5, what is -21 + -243103104?
-243103130
In base 2, what is 1100110111111100011 + 1111?
1100110111111110010
In base 16, what is 0 + 29726bc?
29726bc
In base 7, what is -24 - 243023123?
-243023150
In base 16, what is 46 - 3e82ce?
-3e8288
In base 13, what is -1a2 + 3b659a?
3b63c8
In base 7, what is -62 - -240163?
240101
In base 2, what is 1101011110111010100100011000 + 1?
1101011110111010100100011001
In base 15, what is 9b + a3e9?
a495
In base 6, what is -5 - 5402254125?
-5402254134
In base 6, what is -1315050230 - 5?
-1315050235
In base 4, what is -133112100 + 1202?
-133110232
In base 15, what is 2 - bc3e75?
-bc3e73
In base 4, what is -10 + 12133222200?
12133222130
In base 7, what is 561 - -104325?
105216
In base 5, what is 44 + 111122143?
111122242
In base 11, what is -426210 + -41?
-426251
In base 4, what is -210011 - -1323230?
1113213
In base 16, what is d86 + -e7e4?
-da5e
In base 11, what is 137a + 143385?
144754
In base 11, what is 1046830 + 2?
1046832
In base 3, what is -10111222210121 + -21?
-10111222210212
In base 4, what is 223223 + 112333?
1002222
In base 9, what is 24437853 + 5?
24437858
In base 6, what is -305311 - -2333?
-302534
In base 12, what is -30764b6 + 8?
-30764aa
In base 10, what is -304 - -2606?
2302
In base 9, what is -1041150 + 112?
-1041037
In base 7, what is 431 - 630260?
-626526
In base 14, what is -6442900 - 2?
-6442902
In base 11, what is 1734 - -14a20?
16654
In base 14, what is 11 + -217132?
-217121
In base 15, what is -281d44 + -1?
-281d45
In base 7, what is -10640654 + 250?
-10640404
In base 5, what is -3014 - 1040401013?
-1040404032
In base 12, what is 27b + 8163?
8422
In base 15, what is -1799 - -97c6?
802c
In base 10, what is -910 - 10009?
-10919
In base 11, what is 44 - -310654?
310698
In base 4, what is 11033013020 + -101?
11033012313
In base 2, what is 100 - -111101000101101000111110111?
111101000101101000111111011
In base 9, what is -1 - -6167637?
6167636
In base 11, what is 2 + -58840a0?
-5884099
In base 14, what is 1 + 14532?
14533
In base 6, what is 15341 - 133310?
-113525
In base 4, what is -223023001002 + -11?
-223023001013
In base 3, what is -1021102 + 1102222010220?
1102220212111
In base 14, what is -31d6d44 - -1?
-31d6d43
In base 15, what is 7ddcb - 2c1?
7db0a
In base 14, what is 4 + 905a565?
905a569
In base 13, what is 1 - -3840a9?
3840aa
In base 6, what is 1120 + -13323310?
-13322150
In base 14, what is 1 - 415c031?
-415c030
In base 2, what is -10011010001001011101001000 + -11?
-10011010001001011101001011
In base 14, what is -2 + -34146c9?
-34146cb
In base 14, what is -5a - -3abd?
3a63
In base 8, what is 12 + 15760355?
15760367
In base 14, what is 2897 - -49b?
2d54
In base 13, what is -22b + -b5690?
-b58bb
In base 16, what is -446ca2 - -57?
-446c4b
In base 13, what is a3 - -21b33?
21c06
In base 3, what is -222202000102 + -1?
-222202000110
In base 16, what is -2 - 13234e65?
-13234e67
In base 13, what is 1 + 213a6953?
213a6954
In base 13, what is -3 + -1409a5?
-1409a8
In base 12, what is 3a7aa44 + -4?
3a7aa40
In base 10, what is 1597271 + 209?
1597480
In base 9, what is 4 - 14216472?
-14216467
In base 8, what is 6 + -14432000?
-14431772
In base 13, what is 13 - a81709?
-a816c6
In base 9, what is -4544611 - 8?
-4544620
In base 13, what is -1a16b13 - 5?
-1a16b18
In base 11, what is 4a5a353 + -18?
4a5a336
In base 10, what is 54217298 + -4?
54217294
In base 2, what is 101 + -110011111000010100100010?
-110011111000010100011101
In base 16, what is -125 + adfe?
acd9
In base 7, what is 3521143 - -21?
3521164
In base 7, what is 232644 - 3654?
225660
In base 11, what is 164a0417 - -2?
164a0419
In base 16, what is -4 + -58d482?
-58d486
In base 15, what is -162cc + 100b?
-1